{"id":34,"date":"2017-11-15T00:06:52","date_gmt":"2017-11-15T00:06:52","guid":{"rendered":"http:\/\/preview.duoaciano.de\/?page_id=34"},"modified":"2023-01-02T10:56:58","modified_gmt":"2023-01-02T10:56:58","slug":"kontakt","status":"publish","type":"page","link":"https:\/\/www.duoaciano.de\/?page_id=34","title":{"rendered":"KONTAKT"},"content":{"rendered":"<h4><img loading=\"lazy\" decoding=\"async\" class=\"size-full wp-image-64 aligncenter\" src=\"http:\/\/preview.duoaciano.de\/wp-content\/uploads\/2017\/11\/logo.jpg\" alt=\"\" width=\"341\" height=\"100\" srcset=\"https:\/\/www.duoaciano.de\/wp-content\/uploads\/2017\/11\/logo.jpg 341w, https:\/\/www.duoaciano.de\/wp-content\/uploads\/2017\/11\/logo-300x88.jpg 300w\" sizes=\"auto, (max-width: 341px) 100vw, 341px\" \/><\/h4>\n<h4>Anfragen und Booking<\/h4>\n<p>Bitte schreiben Sie an:<\/p>\n<p>info@duoaciano.de<\/p>\n<p>Freya Deiting: 0179 \/ 669 28 63<\/p>\n<p>Sandra Wilhelms: 0152 \/ 28 67 41 52<\/p>\n<h4>Impressum<\/h4>\n<p>Inhaltlich Verantwortliche gem\u00e4\u00df \u00a7 6 MDStV:<br \/>\nFreya Deiting und Sandra Wilhelms<br \/>\nVon-der-Goltz-Stra\u00dfe 43<br \/>\n44143 Dortmund<br \/>\nE-Mail: info@duoaciano.de<br \/>\nInternet: www.duoaciano.de<\/p>\n<h4>Haftungshinweis<\/h4>\n<p>Trotz sorgf\u00e4ltiger inhaltlicher Kontrolle \u00fcbernehmen wir keine Haftung f\u00fcr die Inhalte externer Links. F\u00fcr den Inhalt der verlinkten Seiten sind ausschlie\u00dflich deren Betreiber verantwortlich.<\/p>\n","protected":false},"excerpt":{"rendered":"<p>Anfragen und Booking Bitte schreiben Sie an: info@duoaciano.de Freya Deiting: 0179 \/ 669 28 63 Sandra Wilhelms: 0152 \/ 28 67 41 52 Impressum Inhaltlich Verantwortliche gem\u00e4\u00df \u00a7 6 MDStV: Freya Deiting und Sandra Wilhelms Von-der-Goltz-Stra\u00dfe 43 44143 Dortmund E-Mail: info@duoaciano.de Internet: www.duoaciano.de Haftungshinweis Trotz sorgf\u00e4ltiger inhaltlicher Kontrolle \u00fcbernehmen wir keine Haftung f\u00fcr die Inhalte &hellip; <a href=\"https:\/\/www.duoaciano.de\/?page_id=34\" class=\"more-link\"><span class=\"screen-reader-text\">KONTAKT<\/span> weiterlesen<\/a><\/p>\n","protected":false},"author":1,"featured_media":0,"parent":0,"menu_order":0,"comment_status":"closed","ping_status":"closed","template":"","meta":{"footnotes":""},"class_list":["post-34","page","type-page","status-publish","hentry"],"_links":{"self":[{"href":"https:\/\/www.duoaciano.de\/index.php?rest_route=\/wp\/v2\/pages\/34","targetHints":{"allow":["GET"]}}],"collection":[{"href":"https:\/\/www.duoaciano.de\/index.php?rest_route=\/wp\/v2\/pages"}],"about":[{"href":"https:\/\/www.duoaciano.de\/index.php?rest_route=\/wp\/v2\/types\/page"}],"author":[{"embeddable":true,"href":"https:\/\/www.duoaciano.de\/index.php?rest_route=\/wp\/v2\/users\/1"}],"replies":[{"embeddable":true,"href":"https:\/\/www.duoaciano.de\/index.php?rest_route=%2Fwp%2Fv2%2Fcomments&post=34"}],"version-history":[{"count":6,"href":"https:\/\/www.duoaciano.de\/index.php?rest_route=\/wp\/v2\/pages\/34\/revisions"}],"predecessor-version":[{"id":344,"href":"https:\/\/www.duoaciano.de\/index.php?rest_route=\/wp\/v2\/pages\/34\/revisions\/344"}],"wp:attachment":[{"href":"https:\/\/www.duoaciano.de\/index.php?rest_route=%2Fwp%2Fv2%2Fmedia&parent=34"}],"curies":[{"name":"wp","href":"https:\/\/api.w.org\/{rel}","templated":true}]}}