{"id":12,"date":"2017-11-14T23:57:54","date_gmt":"2017-11-14T23:57:54","guid":{"rendered":"http:\/\/preview.duoaciano.de\/?page_id=12"},"modified":"2022-10-13T17:05:52","modified_gmt":"2022-10-13T17:05:52","slug":"cds","status":"publish","type":"page","link":"https:\/\/www.duoaciano.de\/?page_id=12","title":{"rendered":"CDS"},"content":{"rendered":"<h4><img loading=\"lazy\" decoding=\"async\" class=\"aligncenter size-full wp-image-64\" src=\"http:\/\/preview.duoaciano.de\/wp-content\/uploads\/2017\/11\/logo.jpg\" alt=\"\" width=\"341\" height=\"100\" srcset=\"https:\/\/www.duoaciano.de\/wp-content\/uploads\/2017\/11\/logo.jpg 341w, https:\/\/www.duoaciano.de\/wp-content\/uploads\/2017\/11\/logo-300x88.jpg 300w\" sizes=\"auto, (max-width: 341px) 100vw, 341px\" \/><\/h4>\n<h4>DUO ACIANO &#8211; LUZ Y SOMBRA<\/h4>\n<p><img loading=\"lazy\" decoding=\"async\" class=\"alignnone size-full wp-image-100\" src=\"http:\/\/preview.duoaciano.de\/wp-content\/uploads\/2017\/12\/coverluzysombra.jpg\" alt=\"\" width=\"400\" height=\"400\" srcset=\"https:\/\/www.duoaciano.de\/wp-content\/uploads\/2017\/12\/coverluzysombra.jpg 400w, https:\/\/www.duoaciano.de\/wp-content\/uploads\/2017\/12\/coverluzysombra-150x150.jpg 150w, https:\/\/www.duoaciano.de\/wp-content\/uploads\/2017\/12\/coverluzysombra-300x300.jpg 300w, https:\/\/www.duoaciano.de\/wp-content\/uploads\/2017\/12\/coverluzysombra-180x180.jpg 180w\" sizes=\"auto, (max-width: 400px) 100vw, 400px\" \/><\/p>\n<p>1. <strong>Nubes de Buenos Aires<\/strong> aus &#8222;Dos Aires Candomberos&#8220; &#8211; M\u00e1ximo Diego Pujol 7:16<\/p>\n<p>2. <strong>Caser\u00edo<\/strong> aus &#8222;Tres Piezas Marginales&#8220; &#8211; M\u00e1ximo Diego Pujol 3:52<\/p>\n<p>3. <strong>Bald\u00edo<\/strong> aus &#8222;Tres Piezas Marginales&#8220; &#8211; M\u00e1ximo Diego Pujol 4:10<\/p>\n<p>4. <strong>Potrero<\/strong> aus &#8222;Tres Piezas Marginales&#8220; &#8211; M\u00e1ximo Diego Pujol 4:28<\/p>\n<p>5. <strong>Oblivion<\/strong> &#8211; Astor Piazzolla 3:48<\/p>\n<p>6. <strong>Soledad<\/strong> &#8211; Carlos Gardel 6:14<\/p>\n<p>7. <strong>Hijo de la Luna<\/strong> &#8211; Jos\u00e9 Cano 3:46<\/p>\n<p>8. <strong>Youkali<\/strong> &#8211; Kurt Weill 5:33<\/p>\n<p>9. <strong>Tango tis Nefelis<\/strong> 3:40<\/p>\n<p>10. <strong>Tango<\/strong> &#8211; Jaime Mirtenbaum Zenamon 3:56<\/p>\n<p>11. <strong>Aria<\/strong> aus &#8222;Bachianas Brasileiras&#8220; &#8211; Heitor Villa-Lobos 4:44<\/p>\n<p>12. <strong>Tico Tico No Fub\u00e1<\/strong> &#8211; Zequinha de Abreu 2:19<\/p>\n<p>&nbsp;<\/p>\n<h4>DUO ACIANO &#8211; \u00a1DOS!<\/h4>\n<p><img loading=\"lazy\" decoding=\"async\" class=\"alignnone size-full wp-image-101\" src=\"http:\/\/preview.duoaciano.de\/wp-content\/uploads\/2017\/12\/coverdos.jpg\" alt=\"\" width=\"400\" height=\"360\" srcset=\"https:\/\/www.duoaciano.de\/wp-content\/uploads\/2017\/12\/coverdos.jpg 400w, https:\/\/www.duoaciano.de\/wp-content\/uploads\/2017\/12\/coverdos-300x270.jpg 300w\" sizes=\"auto, (max-width: 400px) 100vw, 400px\" \/><\/p>\n<h4>H\u00f6rbeispiele:<\/h4>\n<div id=\"mp3jWrap_0\" class=\"mjp-s-wrapper s-graphic unsel-mjp \" style=\"font-size:14px;\"><span id=\"playpause_wrap_mp3j_0\" class=\"wrap_inline_mp3j\" style=\"font-weight:700;\"><span class=\"gfxbutton_mp3j play-mjp\" id=\"playpause_mp3j_0\" style=\"font-size:14px;\">&nbsp;&nbsp;&nbsp;&nbsp;&nbsp;<\/span>&nbsp;<span class=\"group_wrap\"><span class=\"bars_mp3j\"><span class=\"loadB_mp3j\" id=\"load_mp3j_0\"><\/span><span class=\"posbarB_mp3j\" id=\"posbar_mp3j_0\"><\/span><\/span><span class=\"T_mp3j\" id=\"T_mp3j_0\" style=\"font-size:14px;\">Playera<\/span><span class=\"indi_mp3j\" style=\"font-size:9.8px;\" id=\"statusMI_0\"><\/span><\/span><\/span><\/div><span class=\"s-nosolution\" id=\"mp3j_nosolution_0\" style=\"display:none;\"><\/span><script>\nMP3jPLAYLISTS.inline_0 = [\n\t{ name: \"Playera\", formats: [\"mp3\"], mp3: \"aHR0cDovL3ByZXZpZXcuZHVvYWNpYW5vLmRlL3dwLWNvbnRlbnQvdXBsb2Fkcy8yMDE3LzEyL1BsYXllcmEubXAz\", counterpart:\"\", artist: \"\", image: \"\", imgurl: \"\" }\n];\n<\/script>\n\n<script>MP3jPLAYERS[0] = { list: MP3jPLAYLISTS.inline_0, tr:0, type:'single', lstate:'', loop:false, play_txt:'&nbsp;&nbsp;&nbsp;&nbsp;&nbsp;', pause_txt:'&nbsp;&nbsp;&nbsp;&nbsp;&nbsp;', pp_title:'', autoplay:false, download:false, vol:100, height:'' };<\/script>\n<div id=\"mp3jWrap_1\" class=\"mjp-s-wrapper s-graphic unsel-mjp \" style=\"font-size:14px;\"><span id=\"playpause_wrap_mp3j_1\" class=\"wrap_inline_mp3j\" style=\"font-weight:700;\"><span class=\"gfxbutton_mp3j play-mjp\" id=\"playpause_mp3j_1\" style=\"font-size:14px;\">&nbsp;&nbsp;&nbsp;&nbsp;&nbsp;<\/span>&nbsp;<span class=\"group_wrap\"><span class=\"bars_mp3j\"><span class=\"loadB_mp3j\" id=\"load_mp3j_1\"><\/span><span class=\"posbarB_mp3j\" id=\"posbar_mp3j_1\"><\/span><\/span><span class=\"T_mp3j\" id=\"T_mp3j_1\" style=\"font-size:14px;\">Oriental-Danza-Espanola<\/span><span class=\"indi_mp3j\" style=\"font-size:9.8px;\" id=\"statusMI_1\"><\/span><\/span><\/span><\/div><span class=\"s-nosolution\" id=\"mp3j_nosolution_1\" style=\"display:none;\"><\/span><script>\nMP3jPLAYLISTS.inline_1 = [\n\t{ name: \"Oriental-Danza-Espanola\", formats: [\"mp3\"], mp3: \"aHR0cDovL3ByZXZpZXcuZHVvYWNpYW5vLmRlL3dwLWNvbnRlbnQvdXBsb2Fkcy8yMDE3LzEyL09yaWVudGFsLURhbnphLUVzcGFub2xhLm1wMw==\", counterpart:\"\", artist: \"\", image: \"\", imgurl: \"\" }\n];\n<\/script>\n\n<script>MP3jPLAYERS[1] = { list: MP3jPLAYLISTS.inline_1, tr:0, type:'single', lstate:'', loop:false, play_txt:'&nbsp;&nbsp;&nbsp;&nbsp;&nbsp;', pause_txt:'&nbsp;&nbsp;&nbsp;&nbsp;&nbsp;', pp_title:'', autoplay:false, download:false, vol:100, height:'' };<\/script>\n<div id=\"mp3jWrap_2\" class=\"mjp-s-wrapper s-graphic unsel-mjp \" style=\"font-size:14px;\"><span id=\"playpause_wrap_mp3j_2\" class=\"wrap_inline_mp3j\" style=\"font-weight:700;\"><span class=\"gfxbutton_mp3j play-mjp\" id=\"playpause_mp3j_2\" style=\"font-size:14px;\">&nbsp;&nbsp;&nbsp;&nbsp;&nbsp;<\/span>&nbsp;<span class=\"group_wrap\"><span class=\"bars_mp3j\"><span class=\"loadB_mp3j\" id=\"load_mp3j_2\"><\/span><span class=\"posbarB_mp3j\" id=\"posbar_mp3j_2\"><\/span><\/span><span class=\"T_mp3j\" id=\"T_mp3j_2\" style=\"font-size:14px;\">Andaluza-Danza-Espanola<\/span><span class=\"indi_mp3j\" style=\"font-size:9.8px;\" id=\"statusMI_2\"><\/span><\/span><\/span><\/div><span class=\"s-nosolution\" id=\"mp3j_nosolution_2\" style=\"display:none;\"><\/span><script>\nMP3jPLAYLISTS.inline_2 = [\n\t{ name: \"Andaluza-Danza-Espanola\", formats: [\"mp3\"], mp3: \"aHR0cDovL3ByZXZpZXcuZHVvYWNpYW5vLmRlL3dwLWNvbnRlbnQvdXBsb2Fkcy8yMDE3LzEyL0FuZGFsdXphLURhbnphLUVzcGFub2xhLm1wMw==\", counterpart:\"\", artist: \"\", image: \"\", imgurl: \"\" }\n];\n<\/script>\n\n<script>MP3jPLAYERS[2] = { list: MP3jPLAYLISTS.inline_2, tr:0, type:'single', lstate:'', loop:false, play_txt:'&nbsp;&nbsp;&nbsp;&nbsp;&nbsp;', pause_txt:'&nbsp;&nbsp;&nbsp;&nbsp;&nbsp;', pp_title:'', autoplay:false, download:false, vol:100, height:'' };<\/script>\n<p>1. <strong>Pompeya<\/strong> aus \u201eSuite Buenos Aires\u201c \u2013 M\u00e1ximo Diego Pujol 3:49<\/p>\n<p>2. <strong>Palermo<\/strong> aus \u201eSuite Buenos Aires\u201c \u2013 M\u00e1ximo Diego Pujol 4:04<\/p>\n<p>3. <strong>Bordel 1900<\/strong> aus \u201eHistoire du Tango\u201c \u2013 Astor Piazzolla 3:59<\/p>\n<p>4. <strong>Caf\u00e9 1930<\/strong> aus \u201eHistoire du Tango\u201c \u2013 Astor Piazzolla 7:10<\/p>\n<p>5. <strong>Asturiana<\/strong> aus \u201eSiete Canciones Populares Espa\u00f1olas\u201c \u2013 Manuel de Falla 2:56<\/p>\n<p>6. <strong>Canci\u00f3n<\/strong> aus \u201eSiete Canciones Populares Espa\u00f1olas\u201c \u2013 Manuel de Falla 1:39<\/p>\n<p>7. <strong>Romanza Andaluza<\/strong> op.22,1 \u2013 Pablo de Sarasate 4:57<\/p>\n<p>8. <strong>Playera<\/strong> op 23,1 \u2013 Pablo de Sarasate 4:21<\/p>\n<p>9. <strong>Oriental Danza Espa\u00f1ola<\/strong> No. 2 \u2013 Enrique Granados 5:56<\/p>\n<p>10. <strong>Andaluza Danza Espa\u00f1ola<\/strong> No. 5 \u2013 Enrique Granados 3:55<\/p>\n<p>11. <strong>Pa\u00e7oca<\/strong> aus \u201eSuite Popular Brasileira\u201c \u2013 Celso Machado 2:32<\/p>\n<p>12. <strong>Piazza Vittorio<\/strong> aus \u201eSuite Popular Brasileira\u201c \u2013 Celso Machado 3:08<\/p>\n","protected":false},"excerpt":{"rendered":"<p>DUO ACIANO &#8211; LUZ Y SOMBRA 1. Nubes de Buenos Aires aus &#8222;Dos Aires Candomberos&#8220; &#8211; M\u00e1ximo Diego Pujol 7:16 2. Caser\u00edo aus &#8222;Tres Piezas Marginales&#8220; &#8211; M\u00e1ximo Diego Pujol 3:52 3. Bald\u00edo aus &#8222;Tres Piezas Marginales&#8220; &#8211; M\u00e1ximo Diego Pujol 4:10 4. Potrero aus &#8222;Tres Piezas Marginales&#8220; &#8211; M\u00e1ximo Diego Pujol 4:28 5. Oblivion &hellip; <a href=\"https:\/\/www.duoaciano.de\/?page_id=12\" class=\"more-link\"><span class=\"screen-reader-text\">CDS<\/span> weiterlesen<\/a><\/p>\n","protected":false},"author":1,"featured_media":0,"parent":0,"menu_order":0,"comment_status":"closed","ping_status":"closed","template":"page-templates\/New-Template2_page.php","meta":{"footnotes":""},"class_list":["post-12","page","type-page","status-publish","hentry"],"_links":{"self":[{"href":"https:\/\/www.duoaciano.de\/index.php?rest_route=\/wp\/v2\/pages\/12","targetHints":{"allow":["GET"]}}],"collection":[{"href":"https:\/\/www.duoaciano.de\/index.php?rest_route=\/wp\/v2\/pages"}],"about":[{"href":"https:\/\/www.duoaciano.de\/index.php?rest_route=\/wp\/v2\/types\/page"}],"author":[{"embeddable":true,"href":"https:\/\/www.duoaciano.de\/index.php?rest_route=\/wp\/v2\/users\/1"}],"replies":[{"embeddable":true,"href":"https:\/\/www.duoaciano.de\/index.php?rest_route=%2Fwp%2Fv2%2Fcomments&post=12"}],"version-history":[{"count":9,"href":"https:\/\/www.duoaciano.de\/index.php?rest_route=\/wp\/v2\/pages\/12\/revisions"}],"predecessor-version":[{"id":327,"href":"https:\/\/www.duoaciano.de\/index.php?rest_route=\/wp\/v2\/pages\/12\/revisions\/327"}],"wp:attachment":[{"href":"https:\/\/www.duoaciano.de\/index.php?rest_route=%2Fwp%2Fv2%2Fmedia&parent=12"}],"curies":[{"name":"wp","href":"https:\/\/api.w.org\/{rel}","templated":true}]}}