{"id":10,"date":"2017-11-14T23:57:35","date_gmt":"2017-11-14T23:57:35","guid":{"rendered":"http:\/\/preview.duoaciano.de\/?page_id=10"},"modified":"2023-02-10T14:36:38","modified_gmt":"2023-02-10T14:36:38","slug":"profil","status":"publish","type":"page","link":"https:\/\/www.duoaciano.de\/?page_id=10","title":{"rendered":"PROFIL"},"content":{"rendered":"<p><img loading=\"lazy\" decoding=\"async\" class=\"size-full wp-image-64 aligncenter\" src=\"http:\/\/preview.duoaciano.de\/wp-content\/uploads\/2017\/11\/logo.jpg\" alt=\"\" width=\"341\" height=\"100\" srcset=\"https:\/\/www.duoaciano.de\/wp-content\/uploads\/2017\/11\/logo.jpg 341w, https:\/\/www.duoaciano.de\/wp-content\/uploads\/2017\/11\/logo-300x88.jpg 300w\" sizes=\"auto, (max-width: 341px) 100vw, 341px\" \/><\/p>\n<p>Die filigrane und doch eindringliche Stimme der Geige und der strahlende Klang der Gitarre: Vereint im Duo selten zu erleben &#8211; ein Genuss f\u00fcr Liebhaber sinnlicher Kl\u00e4nge! Mit Hingabe und Verve pflegt das Duo Aciano das beredt-nuancierte Zwiegespr\u00e4ch dieser beiden K\u00f6niginnen der Saiteninstrumente und l\u00e4dt ein zum Tanz der gro\u00dfen Gef\u00fchle.<\/p>\n<p>Schon fr\u00fch, zu Studienzeiten, entdeckten Freya Deiting und Sandra Wilhelms die au\u00dfergew\u00f6hnlichen Klangwirkungen im Dialog von Geige und Gitarre, und dabei ihre k\u00fcnstlerische Seelenverwandtschaft. Als gestandene Instrumentalistinnen fanden sie im Duo Aciano zusammen, zwei Klangmalerinnen mit ausgepr\u00e4gter Klang\u00e4sthetik und Sp\u00fcrsinn f\u00fcr die Feinheiten ihrer \u201eSaitenspiele\u201c. Mit Herz und Seele loten sie M\u00f6glichkeiten ihrer Instrumente aus in einem Dialog, der aus der Bewegung lebt. Kraftvoll-dynamisch treiben sich Gitarre und Geige an, spielen effektvoll Kontraste aus und weben im Spiegel der Kl\u00e4nge ber\u00fcckende Klangmuster<!-- F\u00fcr Ank\u00fcndigungs und Pressetexte k\u00f6nnte an dieser Stelle eine Kurzbeschreibung Eures jeweiligen Programms eingesetzt werden. -->.<\/p>\n<p>Seit Gr\u00fcndung des Duos im Jahr 2006 ist ein breit gef\u00e4chertes Repertoire entstanden. Ideenreich und mit Sinn f\u00fcr musikalische Dramaturgie sch\u00f6pft das Duo aus europ\u00e4ischer Klassik, der spanischen und s\u00fcdamerikanischen Musikliteratur des 19. und 20. Jahrhunderts, aus Salonmusik und Filmmusiken, Irish Tunes und osteurop\u00e4ischen Klezmer.\u00a0 <!-- Hier k\u00f6nnt Ihr noch weitere Musikrichtungen einf\u00fcgen, die Ihr im Repertoire habt. Den Ausdruck \u201eWeltmusik\u201c habe ich vermieden. Er sagt alles und nichts aus. -->\u00dcber L\u00e4nder und Zeiten hinweg spannen die\u00a0 Aciano \u2013 Programme schillernde B\u00f6gen, erz\u00e4hlen Geschichten einer Epoche oder lassen in stilistisch ausgewogenen Stimmungsbildern \u00fcberraschende musikalische Wahlverwandtschaften aufleben. Erstaunliche Tiefensch\u00e4rfe verleiht das Duo den Sounds unserer Zeit aus dem Katalog der gro\u00dfen Pop- und Rockklassiker &#8211; von den legend\u00e4ren Sixties \u00fcber die schillernden Achtziger bis heute. Stilsicher versehen sie ihre Lieblingsfilmmusiken mit einem klassischen Touch und setzen so anmutig wie delikat eigene Pointen \u2013 dabei immer auf der Suche nach unbedingter Klangsch\u00f6nheit, romantisch eben dem Ruf der Blauen (Korn-)Blume folgend, auf spanisch Aciano!<\/p>\n<p>Ob in kleinen Salons vor f\u00fcnfzig \u00a0Zuh\u00f6rern oder vor 3000 Menschen zur Er\u00f6ffnung der Kulturhauptstadt Ruhr 2010 oder open air auf dem Taksim Platz in Istanbul: Die \u201eAcianas&#8220; haben auf den verschiedensten B\u00fchnen Erfolge gefeiert und immer das passende Programm <!-- Ich habe diesen Satz im Schlussteil ver\u00e4ndert. Die fr\u00fchere Version hat Euch m.E. zu sehr \u201everkauft\u201c. Das Gegenteil muss r\u00fcberkommen: Ihr habt etwas anzubieten. -->im Gep\u00e4ck!<\/p>\n","protected":false},"excerpt":{"rendered":"<p>Die filigrane und doch eindringliche Stimme der Geige und der strahlende Klang der Gitarre: Vereint im Duo selten zu erleben &#8211; ein Genuss f\u00fcr Liebhaber sinnlicher Kl\u00e4nge! Mit Hingabe und Verve pflegt das Duo Aciano das beredt-nuancierte Zwiegespr\u00e4ch dieser beiden K\u00f6niginnen der Saiteninstrumente und l\u00e4dt ein zum Tanz der gro\u00dfen Gef\u00fchle. Schon fr\u00fch, zu Studienzeiten, &hellip; <a href=\"https:\/\/www.duoaciano.de\/?page_id=10\" class=\"more-link\"><span class=\"screen-reader-text\">PROFIL<\/span> weiterlesen<\/a><\/p>\n","protected":false},"author":1,"featured_media":0,"parent":0,"menu_order":0,"comment_status":"closed","ping_status":"closed","template":"page-templates\/New-Template3_page.php","meta":{"footnotes":""},"class_list":["post-10","page","type-page","status-publish","hentry"],"_links":{"self":[{"href":"https:\/\/www.duoaciano.de\/index.php?rest_route=\/wp\/v2\/pages\/10","targetHints":{"allow":["GET"]}}],"collection":[{"href":"https:\/\/www.duoaciano.de\/index.php?rest_route=\/wp\/v2\/pages"}],"about":[{"href":"https:\/\/www.duoaciano.de\/index.php?rest_route=\/wp\/v2\/types\/page"}],"author":[{"embeddable":true,"href":"https:\/\/www.duoaciano.de\/index.php?rest_route=\/wp\/v2\/users\/1"}],"replies":[{"embeddable":true,"href":"https:\/\/www.duoaciano.de\/index.php?rest_route=%2Fwp%2Fv2%2Fcomments&post=10"}],"version-history":[{"count":11,"href":"https:\/\/www.duoaciano.de\/index.php?rest_route=\/wp\/v2\/pages\/10\/revisions"}],"predecessor-version":[{"id":374,"href":"https:\/\/www.duoaciano.de\/index.php?rest_route=\/wp\/v2\/pages\/10\/revisions\/374"}],"wp:attachment":[{"href":"https:\/\/www.duoaciano.de\/index.php?rest_route=%2Fwp%2Fv2%2Fmedia&parent=10"}],"curies":[{"name":"wp","href":"https:\/\/api.w.org\/{rel}","templated":true}]}}

<p><img loading="lazy" decoding="async" class="size-full wp-image-64 aligncenter" src="http://preview.duoaciano.de/wp-content/uploads/2017/11/logo.jpg" alt="" width="341" height="100" srcset="https://www.duoaciano.de/wp-content/uploads/2017/11/logo.jpg 341w, https://www.duoaciano.de/wp-content/uploads/2017/11/logo-300x88.jpg 300w" sizes="auto, (max-width: 341px) 100vw, 341px" /></p>
<p>Die filigrane und doch eindringliche Stimme der Geige und der strahlende Klang der Gitarre: Vereint im Duo selten zu erleben &#8211; ein Genuss für Liebhaber sinnlicher Klänge! Mit Hingabe und Verve pflegt das Duo Aciano das beredt-nuancierte Zwiegespräch dieser beiden Königinnen der Saiteninstrumente und lädt ein zum Tanz der großen Gefühle.</p>
<p>Schon früh, zu Studienzeiten, entdeckten Freya Deiting und Sandra Wilhelms die außergewöhnlichen Klangwirkungen im Dialog von Geige und Gitarre, und dabei ihre künstlerische Seelenverwandtschaft. Als gestandene Instrumentalistinnen fanden sie im Duo Aciano zusammen, zwei Klangmalerinnen mit ausgeprägter Klangästhetik und Spürsinn für die Feinheiten ihrer „Saitenspiele“. Mit Herz und Seele loten sie Möglichkeiten ihrer Instrumente aus in einem Dialog, der aus der Bewegung lebt. Kraftvoll-dynamisch treiben sich Gitarre und Geige an, spielen effektvoll Kontraste aus und weben im Spiegel der Klänge berückende Klangmuster<!-- Für Ankündigungs und Pressetexte könnte an dieser Stelle eine Kurzbeschreibung Eures jeweiligen Programms eingesetzt werden. -->.</p>
<p>Seit Gründung des Duos im Jahr 2006 ist ein breit gefächertes Repertoire entstanden. Ideenreich und mit Sinn für musikalische Dramaturgie schöpft das Duo aus europäischer Klassik, der spanischen und südamerikanischen Musikliteratur des 19. und 20. Jahrhunderts, aus Salonmusik und Filmmusiken, Irish Tunes und osteuropäischen Klezmer.  <!-- Hier könnt Ihr noch weitere Musikrichtungen einfügen, die Ihr im Repertoire habt. Den Ausdruck „Weltmusik“ habe ich vermieden. Er sagt alles und nichts aus. -->Über Länder und Zeiten hinweg spannen die  Aciano – Programme schillernde Bögen, erzählen Geschichten einer Epoche oder lassen in stilistisch ausgewogenen Stimmungsbildern überraschende musikalische Wahlverwandtschaften aufleben. Erstaunliche Tiefenschärfe verleiht das Duo den Sounds unserer Zeit aus dem Katalog der großen Pop- und Rockklassiker &#8211; von den legendären Sixties über die schillernden Achtziger bis heute. Stilsicher versehen sie ihre Lieblingsfilmmusiken mit einem klassischen Touch und setzen so anmutig wie delikat eigene Pointen – dabei immer auf der Suche nach unbedingter Klangschönheit, romantisch eben dem Ruf der Blauen (Korn-)Blume folgend, auf spanisch Aciano!</p>
<p>Ob in kleinen Salons vor fünfzig  Zuhörern oder vor 3000 Menschen zur Eröffnung der Kulturhauptstadt Ruhr 2010 oder open air auf dem Taksim Platz in Istanbul: Die „Acianas&#8220; haben auf den verschiedensten Bühnen Erfolge gefeiert und immer das passende Programm <!-- Ich habe diesen Satz im Schlussteil verändert. Die frühere Version hat Euch m.E. zu sehr „verkauft“. Das Gegenteil muss rüberkommen: Ihr habt etwas anzubieten. -->im Gepäck!</p>

<p>Die filigrane und doch eindringliche Stimme der Geige und der strahlende Klang der Gitarre: Vereint im Duo selten zu erleben &#8211; ein Genuss für Liebhaber sinnlicher Klänge! Mit Hingabe und Verve pflegt das Duo Aciano das beredt-nuancierte Zwiegespräch dieser beiden Königinnen der Saiteninstrumente und lädt ein zum Tanz der großen Gefühle. Schon früh, zu Studienzeiten, &hellip; <a href="https://www.duoaciano.de/?page_id=10" class="more-link"><span class="screen-reader-text">PROFIL</span> weiterlesen</a></p>
